en 177 is divided by 50?
27
What is the remainder when 100 is divided by 23?
8
What is the remainder when 171 is divided by 26?
15
Calculate the remainder when 253 is divided by 87.
79
What is the remainder when 333 is divided by 24?
21
What is the remainder when 1786 is divided by 26?
18
Calculate the remainder when 1156 is divided by 229.
11
Calculate the remainder when 125 is divided by 43.
39
What is the remainder when 419 is divided by 65?
29
Calculate the remainder when 91 is divided by 12.
7
Calculate the remainder when 1011 is divided by 32.
19
Calculate the remainder when 2906 is divided by 51.
50
Calculate the remainder when 781 is divided by 27.
25
What is the remainder when 1781 is divided by 9?
8
Calculate the remainder when 8588 is divided by 4292.
4
Calculate the remainder when 121 is divided by 65.
56
Calculate the remainder when 1785 is divided by 22.
3
What is the remainder when 2053 is divided by 13?
12
What is the remainder when 802 is divided by 204?
190
Calculate the remainder when 493 is divided by 62.
59
What is the remainder when 159 is divided by 9?
6
Calculate the remainder when 919 is divided by 24.
7
Calculate the remainder when 78 is divided by 34.
10
What is the remainder when 98 is divided by 48?
2
Calculate the remainder when 142 is divided by 15.
7
What is the remainder when 34 is divided by 29?
5
What is the remainder when 3059 is divided by 12?
11
What is the remainder when 400 is divided by 68?
60
Calculate the remainder when 156 is divided by 32.
28
Calculate the remainder when 162 is divided by 25.
12
Calculate the remainder when 1224 is divided by 71.
17
What is the remainder when 167 is divided by 42?
41
What is the remainder when 52 is divided by 28?
24
What is the remainder when 37 is divided by 23?
14
Calculate the remainder when 916 is divided by 156.
136
What is the remainder when 5552 is divided by 69?
32
Calculate the remainder when 19 is divided by 5.
4
Calculate the remainder when 88 is divided by 32.
24
Calculate the remainder when 203 is divided by 39.
8
Calculate the remainder when 1222 is divided by 203.
4
What is the remainder when 297 is divided by 25?
22
Calculate the remainder when 142 is divided by 24.
22
Calculate the remainder when 455 is divided by 14.
7
What is the remainder when 156 is divided by 21?
9
What is the remainder when 91 is divided by 77?
14
What is the remainder when 32 is divided by 8?
0
What is the remainder when 364 is divided by 61?
59
Calculate the remainder when 1845 is divided by 63.
18
Calculate the remainder when 1358 is divided by 57.
47
What is the remainder when 3280 is divided by 26?
4
Calculate the remainder when 924 is divided by 152.
12
Calculate the remainder when 199 is divided by 40.
39
What is the remainder when 28 is divided by 6?
4
What is the remainder when 174 is divided by 38?
22
Calculate the remainder when 10023 is divided by 28.
27
What is the remainder when 2386 is divided by 60?
46
What is the remainder when 955 is divided by 31?
25
What is the remainder when 29 is divided by 3?
2
Calculate the remainder when 709 is divided by 17.
12
Calculate the remainder when 166 is divided by 24.
22
Calculate the remainder when 125 is divided by 32.
29
What is the remainder when 48 is divided by 28?
20
What is the remainder when 372 is divided by 91?
8
Calculate the remainder when 368 is divided by 63.
53
What is the remainder when 95 is divided by 82?
13
What is the remainder when 2564 is divided by 15?
14
Calculate the remainder when 1689 is divided by 14.
9
What is the remainder when 629 is divided by 191?
56
Calculate the remainder when 418 is divided by 230.
188
What is the remainder when 332 is divided by 96?
44
Calculate the remainder when 21 is divided by 6.
3
What is the remainder when 125 is divided by 119?
6
Calculate the remainder when 1346 is divided by 50.
46
Calculate the remainder when 662 is divided by 95.
92
What is the remainder when 1005 is divided by 168?
165
What is the remainder when 388 is divided by 67?
53
Calculate the remainder when 133 is divided by 10.
3
Calculate the remainder when 145 is divided by 22.
13
What is the remainder when 471 is divided by 241?
230
What is the remainder when 472 is divided by 16?
8
Calculate the remainder when 691 is divided by 144.
115
Calculate the remainder when 76253 is divided by 8.
5
Calculate the remainder when 321 is divided by 23.
22
Calculate the remainder when 588 is divided by 177.
57
What is the remainder when 444 is divided by 12?
0
What is the remainder when 46 is divided by 17?
12
Calculate the remainder when 649 is divided by 293.
63
What is the remainder when 139 is divided by 62?
15
What is the remainder when 155 is divided by 44?
23
What is the remainder when 337 is divided by 121?
95
Calculate the remainder when 238 is divided by 116.
6
What is the remainder when 259 is divided by 29?
27
What is the remainder when 16645 is divided by 58?
57
What is the remainder when 1481 is divided by 4?
1
Calculate the remainder when 4199 is divided by 57.
38
Calculate the remainder when 1195 is divided by 92.
91
What is the remainder when 661 is divided by 83?
80
What is the remainder when 9 is divided by 8?
1
Calculate the remainder when 6923 is divided by 25.
23
What is the remainder when 699 is divided by 292?
115
Calculate the remainder when 90 is divided by 25.
15
Calculate the remainder when 67 is divided by 14.
11
Calculate the remainder when 138 is divided by 78.
60
Calculate the remainder when 287 is divided by 37.
28
What is the remainder when 599 is divided by 23?
1
Calculate the remainder when 520 is divided by 87.
85
What is the remainder when 22 is divided by 22?
0
What is the remainder when 51 is divided by 35?
16
What is the remainder when 110 is divided by 7?
5
Calculate the remainder when 119 is divided by 62.
57
What is the remainder when 5021 is divided by 67?
63
What is the remainder when 4374 is divided by 8?
6
Calculate the remainder when 869 is divided by 233.
170
What is the remainder when 7940 is divided by 4?
0
Calculate the remainder when 330 is divided by 8.
2
What is the remainder when 247 is divided by 83?
81
What is the remainder when 221 is divided by 16?
13
Calculate the remainder when 358 is divided by 120.
118
What is the remainder when 18407 is divided by 26?
25
Calculate the remainder when 614 is divided by 140.
54
What is the remainder when 616 is divided by 62?
58
What is the remainder when 83 is divided by 23?
14
What is the remainder when 197 is divided by 19?
7
What is the remainder when 99 is divided by 54?
45
Calculate the remainder when 1147 is divided by 18.
13
Calculate the remainder when 579 is divided by 165.
84
What is the remainder when 606 is divided by 17?
11
What is the remainder when 463 is divided by 13?
8
Calculate the remainder when 390 is divided by 7.
5
What is the remainder when 326 is divided by 185?
141
What is the remainder when 287 is divided by 145?
142
What is the remainder when 11916 is divided by 59?
57
What is the remainder when 237 is divided by 40?
37
Calculate the remainder when 186 is divided by 11.
10
What is the remainder when 1170 is divided by 41?
22
Calculate the remainder when 56209 is divided by 23.
20
What is the remainder when 207 is divided by 133?
74
Calculate the remainder when 169 is divided by 70.
29
What is the remainder when 100 is divided by 46?
8
What is the remainder when 260 is divided by 49?
15
Calculate the remainder when 235 is divided by 214.
21
What is the remainder when 244 is divided by 226?
18
Calculate the remainder when 501 is divided by 200.
101
Calculate the remainder when 6350 is divided by 29.
28
Calculate the remainder when 1999 is divided by 402.
391
Calculate the remainder when 373 is divided by 54.
49
Calculate the remainder when 216 is divided by 73.
70
Calculate the remainder when 129 is divided by 23.
14
What is the remainder when 94 is divided by 1?
0
What is the remainder when 12098 is divided by 111?
110
What is the remainder when 4432 is divided by 11?
10
Calculate the remainder when 345 is divided by 124.
97
What is the remainder when 2193 is divided by 272?
17
What is the remainder when 799 is divided by 36?
7
What is the remainder when 306 is divided by 63?
54
Ca